{"id":1241,"date":"2017-06-24T09:40:58","date_gmt":"2017-06-24T08:40:58","guid":{"rendered":"http:\/\/www.kaffee-bongusta.de\/shop\/?page_id=1241"},"modified":"2020-01-17T09:40:18","modified_gmt":"2020-01-17T08:40:18","slug":"dein-geschenk-kaffee-mit-deinem-firmennamen","status":"publish","type":"page","link":"https:\/\/kaffee-bongusta.de\/shop\/dein-geschenk-kaffee-mit-deinem-firmennamen\/","title":{"rendered":"Kaffee &#038; Kaffeepralinen Geschenke und Pr\u00e4sente mit deinem Firmennamen"},"content":{"rendered":"<p>Wir erstellen eine eigene und individuelle Kaffeesorte f\u00fcr euer Unternehmen. Bei der Mischung beraten wir euch oder setzen auch eure Vorgaben um. Ihr bekommt Arabica Filterkaffee-R\u00f6stungen oder auch Espressor\u00f6stungen, vorzugsweise als ganze Bohnen in der Packung oder auch gemahlen. Die Packungsgr\u00f6\u00dfen liegen bei 125g, 250g, 500g oder 1.000g. Die Etiketten mit eurem Logo und Motiven werden f\u00fcr euch entworfen, gedruckt und beklebt. Passend dazu erhaltet ihr auf Wunsch Kaffeepralinen mit eurem Logo. Das betont euren individuellen und guten Geschmack bei Geschenken f\u00fcr Kunden und Mitarbeiter.<\/p>\n<ul>\n<li><img decoding=\"async\" class=\" wp-image-5440 alignright\" src=\"https:\/\/kaffee-bongusta.de\/shop\/wp-content\/uploads\/2020\/01\/sorten-besipiele.jpg\" alt=\"\" width=\"373\" height=\"237\" srcset=\"https:\/\/kaffee-bongusta.de\/shop\/wp-content\/uploads\/2020\/01\/sorten-besipiele.jpg 1000w, https:\/\/kaffee-bongusta.de\/shop\/wp-content\/uploads\/2020\/01\/sorten-besipiele-416x265.jpg 416w, https:\/\/kaffee-bongusta.de\/shop\/wp-content\/uploads\/2020\/01\/sorten-besipiele-300x191.jpg 300w, https:\/\/kaffee-bongusta.de\/shop\/wp-content\/uploads\/2020\/01\/sorten-besipiele-768x488.jpg 768w\" sizes=\"(max-width: 373px) 100vw, 373px\" \/>Individuelle Spezialr\u00f6stung<\/li>\n<li>Eigener Kaffee f\u00fcr euer Unternehmen<\/li>\n<li>Pers\u00f6nliche und individuelle Firmenpr\u00e4sente<\/li>\n<li>Auch Pralinen als Geschenke mit eurem Logo<\/li>\n<\/ul>\n<p>Teilt uns eure W\u00fcnsche und Vorstellungen mit. Wir senden euch ein individuelles Angebot.<\/p>\n<div class=\"wpforms-container wpforms-container-full\" id=\"wpforms-2330\"><form id=\"wpforms-form-2330\" class=\"wpforms-validate wpforms-form\" data-formid=\"2330\" method=\"post\" enctype=\"multipart\/form-data\" action=\"\/shop\/wp-json\/wp\/v2\/pages\/1241\" data-token=\"7252d8ad79dee1aa592649180720db60\"><noscript class=\"wpforms-error-noscript\">Bitte aktiviere JavaScript in deinem Browser, um dieses Formular fertigzustellen.<\/noscript><div class=\"wpforms-field-container\"><div id=\"wpforms-2330-field_0-container\" class=\"wpforms-field wpforms-field-name\" data-field-id=\"0\"><label class=\"wpforms-field-label\" for=\"wpforms-2330-field_0\">Name <span class=\"wpforms-required-label\">*<\/span><\/label><div class=\"wpforms-field-row wpforms-field-medium\"><div class=\"wpforms-field-row-block wpforms-first wpforms-one-half\"><input type=\"text\" id=\"wpforms-2330-field_0\" class=\"wpforms-field-name-first wpforms-field-required\" name=\"wpforms[fields][0][first]\" required><label for=\"wpforms-2330-field_0\" class=\"wpforms-field-sublabel after \">Vorname<\/label><\/div><div class=\"wpforms-field-row-block wpforms-one-half\"><input type=\"text\" id=\"wpforms-2330-field_0-last\" class=\"wpforms-field-name-last wpforms-field-required\" name=\"wpforms[fields][0][last]\" required><label for=\"wpforms-2330-field_0-last\" class=\"wpforms-field-sublabel after \">Nachname<\/label><\/div><\/div><\/div><div id=\"wpforms-2330-field_1-container\" class=\"wpforms-field wpforms-field-email\" data-field-id=\"1\"><label class=\"wpforms-field-label\" for=\"wpforms-2330-field_1\">E-Mail <span class=\"wpforms-required-label\">*<\/span><\/label><input type=\"email\" id=\"wpforms-2330-field_1\" class=\"wpforms-field-medium wpforms-field-required\" name=\"wpforms[fields][1]\" required><\/div><div id=\"wpforms-2330-field_2-container\" class=\"wpforms-field wpforms-field-textarea\" data-field-id=\"2\"><label class=\"wpforms-field-label\" for=\"wpforms-2330-field_2\">Kommentar oder Nachricht <span class=\"wpforms-required-label\">*<\/span><\/label><textarea id=\"wpforms-2330-field_2\" class=\"wpforms-field-medium wpforms-field-required\" name=\"wpforms[fields][2]\" required><\/textarea><\/div><div id=\"wpforms-2330-field_5-container\" class=\"wpforms-field wpforms-field-checkbox\" data-field-id=\"5\"><ul id=\"wpforms-2330-field_5\"><li class=\"choice-1 depth-1\"><input type=\"checkbox\" id=\"wpforms-2330-field_5_1\" name=\"wpforms[fields][5][]\" value=\"Ja, sendet mir ab und zu Neuigkeiten &amp; Rabatte per eMail.\"  ><label class=\"wpforms-field-label-inline\" for=\"wpforms-2330-field_5_1\">Ja, sendet mir ab und zu Neuigkeiten &amp; Rabatte per eMail.<\/label><\/li><\/ul><\/div><div id=\"wpforms-2330-field_6-container\" class=\"wpforms-field wpforms-field-html\" data-field-id=\"6\"><div id=\"wpforms-2330-field_6\"><span class=\"datenschutz\"><b>Wir sch\u00fctzen Ihre Daten!<\/b> Wir verwenden Ihre Daten ausschlie\u00dflich zur Beantwortung Ihrer Fragen und Erf\u00fcllung Ihrer Anforderungen und geben sie keinesfalls an Dritte weiter. <a href=\"https:\/\/kaffee-bongusta.de\/shop\/datenschutz\/\" target=\"_blank\">Datenschutzbestimmungen<\/a><\/span><\/div><\/div><\/div><div class=\"wpforms-field wpforms-field-hp\"><label for=\"wpforms-2330-field-hp\" class=\"wpforms-field-label\">Email<\/label><input type=\"text\" name=\"wpforms[hp]\" id=\"wpforms-2330-field-hp\" class=\"wpforms-field-medium\"><\/div><input type=\"hidden\" name=\"wpforms[recaptcha]\" value=\"\"><div class=\"wpforms-submit-container\" ><input type=\"hidden\" name=\"wpforms[id]\" value=\"2330\"><input type=\"hidden\" name=\"wpforms[author]\" value=\"72\"><button type=\"submit\" name=\"wpforms[submit]\" class=\"wpforms-submit \" id=\"wpforms-submit-2330\" value=\"wpforms-submit\" aria-live=\"assertive\" data-alt-text=\"Senden...\" data-submit-text=\"Absenden\">Absenden<\/button><\/div><\/form><\/div>  <!-- .wpforms-container -->\n<p>Telefon 02224-901980<br \/>\nEmail <a href=\"mailto:shop@kaffee-bongusta.de\">shop@kaffee-bongusta.de<\/a><\/p>\n<div class=\"woocommerce columns-3 \"><ul class=\"products columns-3\">\n<li class=\"product type-product post-1254 status-publish first instock product_cat-eigene-kaffeesorte-fuer-meine-firma-meine-region-mein-event has-post-thumbnail taxable shipping-taxable purchasable product-type-variable has-default-attributes\">\n\t<a href=\"https:\/\/kaffee-bongusta.de\/shop\/kaffeesorten\/eigene-kaffeesorte-fuer-meine-firma-meine-region-mein-event\/private-label-dein-kaffee-mit-deinem-namen\/\" class=\"woocommerce-LoopProduct-link woocommerce-loop-product__link\"><img decoding=\"async\" width=\"324\" height=\"648\" src=\"https:\/\/kaffee-bongusta.de\/shop\/wp-content\/uploads\/Firmengeschenke-Kaffeepackungen-mit-Etikett-im-eigenen-Firmendesign-324x648.jpg\" class=\"attachment-woocommerce_thumbnail size-woocommerce_thumbnail\" alt=\"Kaffee: Geschenkpackungen Werbeartikel im Firmendesign\" srcset=\"https:\/\/kaffee-bongusta.de\/shop\/wp-content\/uploads\/Firmengeschenke-Kaffeepackungen-mit-Etikett-im-eigenen-Firmendesign-324x648.jpg 324w, https:\/\/kaffee-bongusta.de\/shop\/wp-content\/uploads\/Firmengeschenke-Kaffeepackungen-mit-Etikett-im-eigenen-Firmendesign-325x650.jpg 325w, https:\/\/kaffee-bongusta.de\/shop\/wp-content\/uploads\/Firmengeschenke-Kaffeepackungen-mit-Etikett-im-eigenen-Firmendesign-150x300.jpg 150w, https:\/\/kaffee-bongusta.de\/shop\/wp-content\/uploads\/Firmengeschenke-Kaffeepackungen-mit-Etikett-im-eigenen-Firmendesign-416x832.jpg 416w, https:\/\/kaffee-bongusta.de\/shop\/wp-content\/uploads\/Firmengeschenke-Kaffeepackungen-mit-Etikett-im-eigenen-Firmendesign.jpg 500w\" sizes=\"(max-width: 324px) 100vw, 324px\" \/><h2 class=\"woocommerce-loop-product__title\">Kaffee: Geschenkpackungen Werbeartikel im Firmendesign<\/h2>\n\t<span class=\"price\">ab <span class=\"woocommerce-Price-amount amount\"><bdi>8,99&nbsp;<span class=\"woocommerce-Price-currencySymbol\">&euro;<\/span><\/bdi><\/span><\/span>\n\n\n<\/a><\/li>\n<\/ul>\n<\/div>\n","protected":false},"excerpt":{"rendered":"<p>Wir erstellen eine eigene und individuelle Kaffeesorte f\u00fcr euer Unternehmen. Bei der Mischung beraten wir euch oder setzen auch eure Vorgaben um. Ihr bekommt Arabica Filterkaffee-R\u00f6stungen oder auch Espressor\u00f6stungen, vorzugsweise als ganze Bohnen in der Packung oder auch gemahlen. Die Packungsgr\u00f6\u00dfen liegen bei 125g, 250g, 500g oder 1.000g. Die Etiketten mit eurem Logo und Motiven [&hellip;]<\/p>\n","protected":false},"author":72,"featured_media":0,"parent":0,"menu_order":0,"comment_status":"closed","ping_status":"closed","template":"","meta":{"footnotes":""},"class_list":["post-1241","page","type-page","status-publish","hentry"],"_links":{"self":[{"href":"https:\/\/kaffee-bongusta.de\/shop\/wp-json\/wp\/v2\/pages\/1241","targetHints":{"allow":["GET"]}}],"collection":[{"href":"https:\/\/kaffee-bongusta.de\/shop\/wp-json\/wp\/v2\/pages"}],"about":[{"href":"https:\/\/kaffee-bongusta.de\/shop\/wp-json\/wp\/v2\/types\/page"}],"author":[{"embeddable":true,"href":"https:\/\/kaffee-bongusta.de\/shop\/wp-json\/wp\/v2\/users\/72"}],"replies":[{"embeddable":true,"href":"https:\/\/kaffee-bongusta.de\/shop\/wp-json\/wp\/v2\/comments?post=1241"}],"version-history":[{"count":0,"href":"https:\/\/kaffee-bongusta.de\/shop\/wp-json\/wp\/v2\/pages\/1241\/revisions"}],"wp:attachment":[{"href":"https:\/\/kaffee-bongusta.de\/shop\/wp-json\/wp\/v2\/media?parent=1241"}],"curies":[{"name":"wp","href":"https:\/\/api.w.org\/{rel}","templated":true}]}}