{"id":2182,"date":"2019-01-30T19:36:49","date_gmt":"2019-01-30T18:36:49","guid":{"rendered":"https:\/\/www.kaffee-bongusta.de\/shop\/?post_type=product&#038;p=2182"},"modified":"2024-11-18T15:23:46","modified_gmt":"2024-11-18T14:23:46","slug":"seven-black-espresso-likoer","status":"publish","type":"product","link":"https:\/\/kaffee-bongusta.de\/shop\/kaffeesorten\/seven-black-coffee-7black\/seven-black-espresso-likoer\/","title":{"rendered":"Seven Black\u00ae Espresso Lik\u00f6r"},"content":{"rendered":"<h2>Ein Espressolik\u00f6r der Superlative<\/h2>\n<p><strong>Goldgewinner beim Diamond Spirits Award!<\/strong> Ideal als Shot, On the Rocks, gemixt in Cocktails oder vollmundig in Tiramisu, auf Eiscreme und im Kaffee. Schmackhaft als Drink in Bars und Clubs sowie zum Verfeinern von Kuchen und Torten-Rezepten. Auch als <a href=\"https:\/\/kaffee-bongusta.de\/shop\/kaffeesorten\/seven-black-coffee-7black\/7black-espresso-sahnelikoer\/\"><u>Cream-Variante<\/u><\/a> lieferbar.<\/p>\n<p>Hergestellt mit unseren Seven Black\u00ae Espressobohnen. German Roast Siegel.<br \/>\nNachhaltiger Anbau \u00b7 Fair direkt gehandelt \u00b7 Schonende Trommelr\u00f6stung \u00b7 Spenden f\u00fcr Naturschutzgebiete in Deutschland<small><small><small><small><\/small><\/small><\/small><\/small><\/p>\n<p><img decoding=\"async\" class=\"alignnone wp-image-4500 size-medium\" src=\"https:\/\/kaffee-bongusta.de\/shop\/wp-content\/uploads\/2019\/04\/7Black-Party-Bild-mit-Medaille-300x200.jpg\" alt=\"\" width=\"300\" height=\"200\" srcset=\"https:\/\/kaffee-bongusta.de\/shop\/wp-content\/uploads\/2019\/04\/7Black-Party-Bild-mit-Medaille-300x200.jpg 300w, https:\/\/kaffee-bongusta.de\/shop\/wp-content\/uploads\/2019\/04\/7Black-Party-Bild-mit-Medaille-416x277.jpg 416w, https:\/\/kaffee-bongusta.de\/shop\/wp-content\/uploads\/2019\/04\/7Black-Party-Bild-mit-Medaille-1024x683.jpg 1024w, https:\/\/kaffee-bongusta.de\/shop\/wp-content\/uploads\/2019\/04\/7Black-Party-Bild-mit-Medaille-768x512.jpg 768w, https:\/\/kaffee-bongusta.de\/shop\/wp-content\/uploads\/2019\/04\/7Black-Party-Bild-mit-Medaille-1536x1025.jpg 1536w, https:\/\/kaffee-bongusta.de\/shop\/wp-content\/uploads\/2019\/04\/7Black-Party-Bild-mit-Medaille.jpg 1688w\" sizes=\"(max-width: 300px) 100vw, 300px\" \/><\/p>\n<p><img decoding=\"async\" src=\"https:\/\/kaffee-bongusta.de\/shop\/wp-content\/uploads\/2019\/12\/DS-LOGO_PRINT-1024x224.jpg\" width=\"400\" \/><\/p>\n<p>Gewinner beim Diamond Spirits Award <a class=\"button\" href=\"https:\/\/kaffee-bongusta.de\/shop\/blog\/goldgewinner-diamons-spirits-award-goldmedaille-seven-black-espressolikoer\/\">Preisverleihung: GOLD<\/a><\/p>\n<h2>Cocktail Rezepte<\/h2>\n<p>Cocktail Rezepte hier zum <a href=\"https:\/\/www.7black.de\/7black-cocktails.pdf\" target=\"_blank\" rel=\"noopener noreferrer\">Download<\/a><br \/>\n<a href=\"https:\/\/www.7black.de\/7black-cocktails.pdf\" target=\"_blank\" rel=\"noopener noreferrer\"><img decoding=\"async\" class=\"alignnone size-medium wp-image-2606\" src=\"https:\/\/kaffee-bongusta.de\/shop\/wp-content\/uploads\/2019\/05\/7Black-Cocktailkarte-Bild-300x258.png\" alt=\"\" width=\"300\" height=\"258\" srcset=\"https:\/\/kaffee-bongusta.de\/shop\/wp-content\/uploads\/2019\/05\/7Black-Cocktailkarte-Bild-300x258.png 300w, https:\/\/kaffee-bongusta.de\/shop\/wp-content\/uploads\/2019\/05\/7Black-Cocktailkarte-Bild-416x358.png 416w, https:\/\/kaffee-bongusta.de\/shop\/wp-content\/uploads\/2019\/05\/7Black-Cocktailkarte-Bild-768x662.png 768w, https:\/\/kaffee-bongusta.de\/shop\/wp-content\/uploads\/2019\/05\/7Black-Cocktailkarte-Bild-1024x882.png 1024w, https:\/\/kaffee-bongusta.de\/shop\/wp-content\/uploads\/2019\/05\/7Black-Cocktailkarte-Bild.png 1221w\" sizes=\"(max-width: 300px) 100vw, 300px\" \/><\/a><\/p>\n<ul>\n<li>200 ml\/500 ml, Alk. 25% vol.<\/li>\n<li>Ohne Zusatz k\u00fcnstlicher Farbstoffe<\/li>\n<li>Coffeinhaltig<\/li>\n<li>Auch im <a href=\"https:\/\/kaffee-bongusta.de\/shop\/kaffeesorten\/seven-black-coffee-7black\/seven-black-espressolikoer-im-abonnement\/\"><u>Abo<\/u><\/a><\/li>\n<\/ul>\n<p>Jugendschutz:<br \/>\nAbgabe nur an Personen, die das 18. Lebensjahr vollendet haben. Mit Ihrer Bestellung dieses Artikels best\u00e4tigen Sie im Checkout ausdr\u00fccklich, dass Sie das 18. Lebensjahr vollendet haben.<\/p>\n","protected":false},"excerpt":{"rendered":"<p>\u00dcberzeugend vollmundig, gen\u00fcsslich, kr\u00e4ftig und sanft zugleich ist dieser kontrastreiche Espressolik\u00f6r, der aus unseren Seven Black\u00ae Espressobohnen hergestellt wird. \u00ad\u00adEinfach lecker \u2013 mit feinherber S\u00fc\u00dfe und voller Aromen, ebenso wie die Espressobohnen.<\/p>\n","protected":false},"featured_media":5739,"template":"","meta":[],"product_brand":[],"product_cat":[109,127],"product_tag":[184],"class_list":{"0":"post-2182","1":"product","2":"type-product","3":"status-publish","4":"has-post-thumbnail","6":"product_cat-seven-black-coffee-7black","7":"product_cat-spirituosen-braende-geiste-likoere","8":"product_tag-spirituosen-likoere-braende-bier-mit-espresso","9":"product_shipping_class-bis2kg","11":"first","12":"instock","13":"taxable","14":"shipping-taxable","15":"product-type-variable","16":"has-default-attributes"},"_links":{"self":[{"href":"https:\/\/kaffee-bongusta.de\/shop\/wp-json\/wp\/v2\/product\/2182","targetHints":{"allow":["GET"]}}],"collection":[{"href":"https:\/\/kaffee-bongusta.de\/shop\/wp-json\/wp\/v2\/product"}],"about":[{"href":"https:\/\/kaffee-bongusta.de\/shop\/wp-json\/wp\/v2\/types\/product"}],"wp:featuredmedia":[{"embeddable":true,"href":"https:\/\/kaffee-bongusta.de\/shop\/wp-json\/wp\/v2\/media\/5739"}],"wp:attachment":[{"href":"https:\/\/kaffee-bongusta.de\/shop\/wp-json\/wp\/v2\/media?parent=2182"}],"wp:term":[{"taxonomy":"product_brand","embeddable":true,"href":"https:\/\/kaffee-bongusta.de\/shop\/wp-json\/wp\/v2\/product_brand?post=2182"},{"taxonomy":"product_cat","embeddable":true,"href":"https:\/\/kaffee-bongusta.de\/shop\/wp-json\/wp\/v2\/product_cat?post=2182"},{"taxonomy":"product_tag","embeddable":true,"href":"https:\/\/kaffee-bongusta.de\/shop\/wp-json\/wp\/v2\/product_tag?post=2182"}],"curies":[{"name":"wp","href":"https:\/\/api.w.org\/{rel}","templated":true}]}}