{"id":2510,"date":"2019-04-28T11:02:22","date_gmt":"2019-04-28T10:02:22","guid":{"rendered":"https:\/\/www.kaffee-bongusta.de\/shop\/?post_type=product&#038;p=2510"},"modified":"2024-11-18T15:21:40","modified_gmt":"2024-11-18T14:21:40","slug":"7black-espresso-sahnelikoer","status":"publish","type":"product","link":"https:\/\/kaffee-bongusta.de\/shop\/kaffeesorten\/seven-black-coffee-7black\/7black-espresso-sahnelikoer\/","title":{"rendered":"Seven Black\u00ae Espresso Sahnelik\u00f6r"},"content":{"rendered":"<h2>Ein Espresso-Sahnelik\u00f6r der Superlative<\/h2>\n<p><strong>Goldgewinner beim Diamond Spirits Award!<\/strong> Hochgenuss mit dem intensiv-w\u00fcrzigen Aroma\u00a0 des Seven Black\u00ae Espresso mit\u00a0 einer sahnigen S\u00fc\u00dfe und kr\u00e4ftigem Charakter. Ideal als Shot, On the Rocks, gemixt in Cocktails oder vollmundig in Tiramisu, auf Eiscreme und in Kaffee. Schmackhaft als Drink in Bars und Clubs sowie zum Verfeinern von Kuchen und Torten-Rezepten. Auch als <a href=\"https:\/\/kaffee-bongusta.de\/shop\/kaffeesorten\/seven-black-coffee-7black\/seven-black-espresso-likoer\/\"><u>schwarze Variante ohne Sahne<\/u><\/a>\u00a0lieferbar. Im\u00a0<a href=\"https:\/\/kaffee-bongusta.de\/shop\/kaffeesorten\/seven-black-coffee-7black\/seven-black-espresso-sahnelikoer-im-abonnement\/\"><u>Abo<\/u><\/a>\u00a0g\u00fcnstiger.<\/p>\n<p>Hergestellt mit unseren Seven Black\u00ae Espressobohnen. Made in Germany.<br \/>\nNachhaltiger Anbau \u00b7 Fair direkt gehandelt \u00b7 Schonende Trommelr\u00f6stung \u00b7 Spenden f\u00fcr Naturschutzgebiete in Deutschland<\/p>\n<p><img decoding=\"async\" class=\"alignnone wp-image-4500 size-medium\" src=\"https:\/\/kaffee-bongusta.de\/shop\/wp-content\/uploads\/2019\/04\/7Black-Party-Bild-mit-Medaille-300x200.jpg\" alt=\"\" width=\"300\" height=\"200\" srcset=\"https:\/\/kaffee-bongusta.de\/shop\/wp-content\/uploads\/2019\/04\/7Black-Party-Bild-mit-Medaille-300x200.jpg 300w, https:\/\/kaffee-bongusta.de\/shop\/wp-content\/uploads\/2019\/04\/7Black-Party-Bild-mit-Medaille-416x277.jpg 416w, https:\/\/kaffee-bongusta.de\/shop\/wp-content\/uploads\/2019\/04\/7Black-Party-Bild-mit-Medaille-1024x683.jpg 1024w, https:\/\/kaffee-bongusta.de\/shop\/wp-content\/uploads\/2019\/04\/7Black-Party-Bild-mit-Medaille-768x512.jpg 768w, https:\/\/kaffee-bongusta.de\/shop\/wp-content\/uploads\/2019\/04\/7Black-Party-Bild-mit-Medaille-1536x1025.jpg 1536w, https:\/\/kaffee-bongusta.de\/shop\/wp-content\/uploads\/2019\/04\/7Black-Party-Bild-mit-Medaille.jpg 1688w\" sizes=\"(max-width: 300px) 100vw, 300px\" \/><\/p>\n<p><img decoding=\"async\" src=\"https:\/\/kaffee-bongusta.de\/shop\/wp-content\/uploads\/2019\/12\/DS-LOGO_PRINT-1024x224.jpg\" width=\"400\" \/><\/p>\n<p>Gewinner beim Diamond Spirits Award <a class=\"button\" href=\"https:\/\/kaffee-bongusta.de\/shop\/blog\/goldgewinner-diamons-spirits-award-goldmedaille-seven-black-espressolikoer\/\">Preisverleihung: GOLD<\/a><\/p>\n<h2>Cocktail Rezepte<\/h2>\n<p>Cocktail Rezepte hier zum <a href=\"https:\/\/www.7black.de\/7black-cocktails.pdf\" target=\"_blank\" rel=\"noopener noreferrer\"><u>Download<\/u><\/a><br \/>\n<a href=\"https:\/\/www.7black.de\/7black-cocktails.pdf\" target=\"_blank\" rel=\"noopener noreferrer\"><img decoding=\"async\" class=\"size-medium wp-image-2606 alignnone\" src=\"https:\/\/kaffee-bongusta.de\/shop\/wp-content\/uploads\/2019\/05\/7Black-Cocktailkarte-Bild-300x258.png\" alt=\"\" width=\"300\" height=\"258\" srcset=\"https:\/\/kaffee-bongusta.de\/shop\/wp-content\/uploads\/2019\/05\/7Black-Cocktailkarte-Bild-300x258.png 300w, https:\/\/kaffee-bongusta.de\/shop\/wp-content\/uploads\/2019\/05\/7Black-Cocktailkarte-Bild-416x358.png 416w, https:\/\/kaffee-bongusta.de\/shop\/wp-content\/uploads\/2019\/05\/7Black-Cocktailkarte-Bild-768x662.png 768w, https:\/\/kaffee-bongusta.de\/shop\/wp-content\/uploads\/2019\/05\/7Black-Cocktailkarte-Bild-1024x882.png 1024w, https:\/\/kaffee-bongusta.de\/shop\/wp-content\/uploads\/2019\/05\/7Black-Cocktailkarte-Bild.png 1221w\" sizes=\"(max-width: 300px) 100vw, 300px\" \/><\/a><\/p>\n<p>Hergestellt aus unseren 7Black-Espressobohnen. German Roast Siegel.<br \/>\nNachhaltiger Anbau \u00b7 Fair direkt gehandelt \u00b7 Schonende Trommelr\u00f6stung \u00b7 Spenden f\u00fcr Naturschutzgebiete in Deutschland<\/p>\n<ul>\n<li>0,5 l, Alk. 20% vol.<\/li>\n<li>Ohne Zusatz k\u00fcnstlicher Farbstoffe<\/li>\n<li>Coffeinhaltig<\/li>\n<li>enth\u00e4lt Milch<\/li>\n<\/ul>\n<p>Jugendschutz: Abgabe nur an Personen, die das 18. Lebensjahr vollendet haben. Mit Ihrer Bestellung dieses Artikels best\u00e4tigen Sie beim Checkout ausdr\u00fccklich, dass Sie das 18. Lebensjahr vollendet haben.<\/p>\n<p><a class=\"button\" href=\"https:\/\/kaffee-bongusta.de\/shop\/regionaler-kaffee-kaffeesortiment-fur-haendler-wiederverkaufer-gastronomie-ausschank\/\">H\u00e4ndleranfragen<\/a><\/p>\n","protected":false},"excerpt":{"rendered":"<p>Kr\u00e4ftig, lecker und gen\u00fcsslich ist dieser aus unseren Seven Black\u00ae Espressobohnen hergestellte Espresso-Sahnelik\u00f6r. \u00ad\u00adKr\u00e4ftig und sanft zugleich und voller Aromen wie die Seven Black\u00ae Espressobohnen mit einem Schuss verfeinernde Sahne.<\/p>\n","protected":false},"featured_media":9974,"template":"","meta":[],"product_brand":[],"product_cat":[109,127],"product_tag":[184],"class_list":{"0":"post-2510","1":"product","2":"type-product","3":"status-publish","4":"has-post-thumbnail","6":"product_cat-seven-black-coffee-7black","7":"product_cat-spirituosen-braende-geiste-likoere","8":"product_tag-spirituosen-likoere-braende-bier-mit-espresso","9":"product_shipping_class-bis2kg","11":"first","12":"outofstock","13":"taxable","14":"shipping-taxable","15":"product-type-variable","16":"has-default-attributes"},"_links":{"self":[{"href":"https:\/\/kaffee-bongusta.de\/shop\/wp-json\/wp\/v2\/product\/2510","targetHints":{"allow":["GET"]}}],"collection":[{"href":"https:\/\/kaffee-bongusta.de\/shop\/wp-json\/wp\/v2\/product"}],"about":[{"href":"https:\/\/kaffee-bongusta.de\/shop\/wp-json\/wp\/v2\/types\/product"}],"wp:featuredmedia":[{"embeddable":true,"href":"https:\/\/kaffee-bongusta.de\/shop\/wp-json\/wp\/v2\/media\/9974"}],"wp:attachment":[{"href":"https:\/\/kaffee-bongusta.de\/shop\/wp-json\/wp\/v2\/media?parent=2510"}],"wp:term":[{"taxonomy":"product_brand","embeddable":true,"href":"https:\/\/kaffee-bongusta.de\/shop\/wp-json\/wp\/v2\/product_brand?post=2510"},{"taxonomy":"product_cat","embeddable":true,"href":"https:\/\/kaffee-bongusta.de\/shop\/wp-json\/wp\/v2\/product_cat?post=2510"},{"taxonomy":"product_tag","embeddable":true,"href":"https:\/\/kaffee-bongusta.de\/shop\/wp-json\/wp\/v2\/product_tag?post=2510"}],"curies":[{"name":"wp","href":"https:\/\/api.w.org\/{rel}","templated":true}]}}