{"id":4783,"date":"2019-12-17T11:26:53","date_gmt":"2019-12-17T10:26:53","guid":{"rendered":"https:\/\/www.kaffee-bongusta.de\/shop\/?post_type=product&#038;p=4783"},"modified":"2025-10-21T13:35:15","modified_gmt":"2025-10-21T12:35:15","slug":"beathoven-coffee","status":"publish","type":"product","link":"https:\/\/kaffee-bongusta.de\/shop\/kaffeesorten\/kaffee-bonn\/beathoven-coffee\/","title":{"rendered":"Beathoven Coffee \u00b7 regionale besondere Kaffeesorte"},"content":{"rendered":"<h1>Kaffee und Beethoven<\/h1>\n<h1><img decoding=\"async\" class=\"wp-image-5283 alignnone\" src=\"https:\/\/kaffee-bongusta.de\/shop\/wp-content\/uploads\/2020\/01\/Logo-Beathoven-Coffee-RGB.jpg\" alt=\"\" width=\"219\" height=\"206\" srcset=\"https:\/\/kaffee-bongusta.de\/shop\/wp-content\/uploads\/2020\/01\/Logo-Beathoven-Coffee-RGB.jpg 500w, https:\/\/kaffee-bongusta.de\/shop\/wp-content\/uploads\/2020\/01\/Logo-Beathoven-Coffee-RGB-416x392.jpg 416w, https:\/\/kaffee-bongusta.de\/shop\/wp-content\/uploads\/2020\/01\/Logo-Beathoven-Coffee-RGB-300x283.jpg 300w\" sizes=\"(max-width: 219px) 100vw, 219px\" \/><\/h1>\n<p>Der \u00dcberlieferung nach nutzte Beethoven genau 60 Bohnen f\u00fcr seinen Kaffee. Das gab den Ansto\u00df f\u00fcr\u00a0 die Kaffeesorte Beethoven als Sonderr\u00f6stung \u201eBeathoven Coffee\u201c. Die Beethoven-Kaffeepackungen gibt es anl\u00e4sslich des 250 Jahre Beethovenjubil\u00e4um. Beethovens Heimatstadt war viele Jahre Bonn am Rhein.<\/p>\n<p>Diese universelle Caf\u00e9 Cr\u00e8me R\u00f6stung ist geeignet f\u00fcr Filtermaschinen, Vollautomaten, aufgebr\u00fcht\u2026 als Kaffee, Espresso, Caf\u00e9 Cr\u00e8me, Cappuccino, Latte Macchiato uvm.<\/p>\n<h2>Beethoven wurde durch Kaffee inspiriert<\/h2>\n<h3>Die 5. Sinfonie entstand dank Kaffee \ud83d\ude09<\/h3>\n<div class=\"vlp-link-container vlp-template-default \">\n\t<a href=\"https:\/\/kaffee-bongusta.de\/shop\/blog\/wie-beethoven-von-kaffee-inspiriert-wurde\/\" class=\"vlp-link\" title=\"Wie Beethoven von Kaffee inspiriert wurde\"><\/a>\t\t<div class=\"vlp-link-image-container\">\n\t\t<div class=\"vlp-link-image\">\n\t\t\t<img decoding=\"async\" style=\"max-width: 300px;\" width=\"300\" height=\"95\" src=\"https:\/\/kaffee-bongusta.de\/shop\/wp-content\/uploads\/2020\/01\/Symphonie-mit-Beathoven-300x95.jpg\" class=\"attachment-medium size-medium\" alt=\"Symphonie mit Beathoven\" srcset=\"https:\/\/kaffee-bongusta.de\/shop\/wp-content\/uploads\/2020\/01\/Symphonie-mit-Beathoven-300x95.jpg 300w, https:\/\/kaffee-bongusta.de\/shop\/wp-content\/uploads\/2020\/01\/Symphonie-mit-Beathoven-416x131.jpg 416w, https:\/\/kaffee-bongusta.de\/shop\/wp-content\/uploads\/2020\/01\/Symphonie-mit-Beathoven-768x243.jpg 768w, https:\/\/kaffee-bongusta.de\/shop\/wp-content\/uploads\/2020\/01\/Symphonie-mit-Beathoven.jpg 829w\" sizes=\"(max-width: 300px) 100vw, 300px\" \/>\t\t<\/div>\n\t<\/div>\n\t\t<div class=\"vlp-link-text-container\">\n\t\t\t\t<div class=\"vlp-link-title\">\n\t\t\tWie Beethoven von Kaffee inspiriert wurde\t\t<\/div>\n\t\t\t\t\t\t<div class=\"vlp-link-summary\">\n\t\t\tKaffee f\u00fchrte zur 5. Sinfonie Der \u00dcberlieferung nach soll Ludwig van Beethoven immer genau 60 Kaffeebohnen f\u00fcr seine Tasse Kaffee verwendet haben.&nbsp;Offensichtlich war Kaffee sehr inspirierend f\u00fcr Beethoven und unserer \u00dcberzeugung nach kam es zu folgender Begebenheit, die zu einer der bekanntesten Sinfonien f\u00fchrte. Beethoven brachten seine 3. Sinfonie Eroica und 4. Sinfonie bereits hohe [&hellip;]\t\t<\/div>\n\t\t\t<\/div>\n<\/div>\n\n<h2>Nachhaltiger nat\u00fcrlicher Anbau, fair direkt gehandelt<\/h2>\n<p><img decoding=\"async\" class=\"alignnone wp-image-7200 size-full\" src=\"https:\/\/kaffee-bongusta.de\/shop\/wp-content\/uploads\/2020\/04\/medaillen-kaffee-mit-herz-short.png\" alt=\"\" width=\"324\" height=\"131\" \/><\/p>\n<p><i class=\"glyphicon fa-check-circle fas\"><\/i> Rohbohnen aus Anbaugebieten in \u00c4thiopien und Mittelamerika<br \/>\n<i class=\"glyphicon fa-check-circle fas\"><\/i> Angebaut nach nat\u00fcrlichen und nachhaltigen Gesichtspunkten f\u00fcr Mitarbeiter, Umwelt und Pflanzen<br \/>\n<i class=\"glyphicon fa-check-circle fas\"><\/i> Fair direkt gehandelt zwischen Ursprung und Importeur\/R\u00f6sterei<br \/>\n<i class=\"glyphicon fa-check-circle fas\"><\/i> Schonende Trommelr\u00f6stung f\u00fcr volles Aroma<br \/>\n<i class=\"glyphicon fa-check-circle fas\"><\/i> Schaffung einer einzigartigen und regionalen Kaffeerarit\u00e4t<br \/>\n<i class=\"glyphicon fa-check-circle fas\"><\/i> K\u00fcnstlerische Pop-Art Etiketten<br \/>\n<i class=\"glyphicon fa-check-circle fas\"><\/i> Ausgewogene, aromatische und universelle Caf\u00e9 Cr\u00e8me R\u00f6stung<br \/>\n<i class=\"glyphicon fa-heart fas\"><\/i> Das ist ein <a href=\"https:\/\/kaffee-bongusta.de\/shop\/kaffee-mit-herz-spenden-projekte\/\"><strong>Kaffee mit Herz<\/strong><\/a><\/p>\n<h2>Kaffee mit Herz-Spendenkonzept<\/h2>\n<p><img decoding=\"async\" class=\"wp-image-8758 size-full alignnone\" src=\"https:\/\/kaffee-bongusta.de\/shop\/wp-content\/uploads\/Kaffee-mit-Herz-Siegel.png\" alt=\"\" width=\"172\" height=\"172\" srcset=\"https:\/\/kaffee-bongusta.de\/shop\/wp-content\/uploads\/Kaffee-mit-Herz-Siegel.png 172w, https:\/\/kaffee-bongusta.de\/shop\/wp-content\/uploads\/Kaffee-mit-Herz-Siegel-100x100.png 100w\" sizes=\"(max-width: 172px) 100vw, 172px\" \/>Beathoven.Coffee ist ein <a href=\"http:\/\/www.kaffeemitherz.de\/\" target=\"_blank\" rel=\"noopener\">Kaffee mit Herz<\/a>. Gem\u00e4\u00df unserem Kaffee-mit-Herz-Konzept gehen mit dem Verkauf des \u201e <a href=\"http:\/\/www.beathoven.coffee\" target=\"_blank\" rel=\"noopener noreferrer\"><u>Beathoven.Coffee<\/u><\/a>\u201c feste Spenden an Beethovenprojekte.<\/p>\n","protected":false},"excerpt":{"rendered":"<h2 class=\"schr--ift1\">250 Jahre Beethoven<\/h2>\n<p><img decoding=\"async\" class=\"size-full wp-image-3762 alignleft\" src=\"https:\/\/kaffee-bongusta.de\/shop\/wp-content\/uploads\/2019\/01\/Kaffeezubereitung-Filterkaffee.png\" alt=\"\" width=\"170\" height=\"49\" \/><img decoding=\"async\" class=\"size-full wp-image-3767 alignnone\" src=\"https:\/\/kaffee-bongusta.de\/shop\/wp-content\/uploads\/2019\/01\/Kaffeezubereitung-Espresso.png\" alt=\"\" width=\"182\" height=\"49\" \/><br \/>\n<strong>Universelle Caf\u00e9 Cr\u00e8me R\u00f6stung<\/strong><br \/>\nEine Bereicherung f\u00fcr Freunde des Genusses von Kaffee, Musik und Tradition. Beathoven Coffee verbindet Klassische Musik mit Kaffeegenuss und unterst\u00fctzt dabei Beethovenprojekte.<\/p>\n","protected":false},"featured_media":10379,"template":"","meta":[],"product_brand":[],"product_cat":[124,128],"product_tag":[175,216,217,218,219],"class_list":{"0":"post-4783","1":"product","2":"type-product","3":"status-publish","4":"has-post-thumbnail","6":"product_cat-kaffee-bonn","7":"product_cat-kaffee-rheinland","8":"product_tag-filterkaffee","9":"product_tag-kaffee","10":"product_tag-espressoroestungen-fuer-kaffee","11":"product_tag-creme","12":"product_tag-cappuccino-oder-latte","13":"pa_verarbeitung-ganze-bohnen","14":"pa_verarbeitung-gemahlen-mittlerer-mahlgrad","16":"first","17":"instock","18":"featured","19":"taxable","20":"shipping-taxable","21":"purchasable","22":"product-type-variable","23":"has-default-attributes"},"_links":{"self":[{"href":"https:\/\/kaffee-bongusta.de\/shop\/wp-json\/wp\/v2\/product\/4783","targetHints":{"allow":["GET"]}}],"collection":[{"href":"https:\/\/kaffee-bongusta.de\/shop\/wp-json\/wp\/v2\/product"}],"about":[{"href":"https:\/\/kaffee-bongusta.de\/shop\/wp-json\/wp\/v2\/types\/product"}],"wp:featuredmedia":[{"embeddable":true,"href":"https:\/\/kaffee-bongusta.de\/shop\/wp-json\/wp\/v2\/media\/10379"}],"wp:attachment":[{"href":"https:\/\/kaffee-bongusta.de\/shop\/wp-json\/wp\/v2\/media?parent=4783"}],"wp:term":[{"taxonomy":"product_brand","embeddable":true,"href":"https:\/\/kaffee-bongusta.de\/shop\/wp-json\/wp\/v2\/product_brand?post=4783"},{"taxonomy":"product_cat","embeddable":true,"href":"https:\/\/kaffee-bongusta.de\/shop\/wp-json\/wp\/v2\/product_cat?post=4783"},{"taxonomy":"product_tag","embeddable":true,"href":"https:\/\/kaffee-bongusta.de\/shop\/wp-json\/wp\/v2\/product_tag?post=4783"}],"curies":[{"name":"wp","href":"https:\/\/api.w.org\/{rel}","templated":true}]}}