{"id":9158,"date":"2021-04-03T15:38:34","date_gmt":"2021-04-03T14:38:34","guid":{"rendered":"https:\/\/www.kaffee-bongusta.de\/shop\/?post_type=product&#038;p=9158"},"modified":"2022-07-13T18:28:23","modified_gmt":"2022-07-13T17:28:23","slug":"eigene-kaffeesorte-muster-probe-kaffeeroestung","status":"publish","type":"product","link":"https:\/\/kaffee-bongusta.de\/shop\/kaffeesorten\/eigene-kaffeesorte-fuer-meine-firma-meine-region-mein-event\/eigene-kaffeesorte-muster-probe-kaffeeroestung\/","title":{"rendered":"Muster Probe f\u00fcr eigene Kaffeer\u00f6stung \/ eigene Kaffeesorte"},"content":{"rendered":"<h2>Firmenkaffee f\u00fcr Unternehmen<\/h2>\n<p><strong>Espressor\u00f6stung<\/strong> geeignet f\u00fcr Espresso, Caf\u00e9 Cr\u00e8me, Caf\u00e9 Long, Americano, Cappuccino, Latte Macchiato uvm. Zubereitung via Siebtr\u00e4ger, Vollautomaten, Bialetti&#8230;<br \/>\n<strong>Filterkaffeer\u00f6stung<\/strong> geeignet f\u00fcr Filtermaschinen, Mengenbr\u00fcher, Handfilter, Stempelkanne, aufgebr\u00fcht&#8230;<br \/>\n<strong>Universelle Caf\u00e9 Cr\u00e8me R\u00f6stung<\/strong> generelle Anwendung<\/p>\n<ul>\n<li>Individuelle eigene Kaffeesorte mit eigenem Logo<\/li>\n<li>Pers\u00f6nliche Firmengeschenke f\u00fcr Mitarbeiter und Kunden<\/li>\n<li>Individuelle R\u00f6stung f\u00fcr Restaurants und Hotels<\/li>\n<li>Spezialit\u00e4t Kaffeerarit\u00e4t<\/li>\n<\/ul>\n<p>Preise enthalten bereits die gesetzliche USt.<\/p>\n<div id=\"primary\" class=\"content-area\">\n<div id=\"post-1241\" class=\"post-1241 page type-page status-publish hentry\">\n<div class=\"entry-content\">\n<p>&nbsp;<\/p>\n<\/div>\n<\/div>\n<\/div>\n","protected":false},"excerpt":{"rendered":"<p>Nachhaltiger Anbau \u00b7 Fair direkt gehandelt \u00b7 Schonende Trommelr\u00f6stung<\/p>\n<p><img decoding=\"async\" class=\"size-full wp-image-3762 alignleft\" src=\"https:\/\/kaffee-bongusta.de\/shop\/wp-content\/uploads\/2019\/01\/Kaffeezubereitung-Filterkaffee.png\" alt=\"\" width=\"170\" height=\"49\" \/><img decoding=\"async\" class=\"size-full wp-image-3767 alignnone\" src=\"https:\/\/kaffee-bongusta.de\/shop\/wp-content\/uploads\/2019\/01\/Kaffeezubereitung-Espresso.png\" alt=\"\" width=\"182\" height=\"49\" \/><\/p>\n","protected":false},"featured_media":9161,"template":"","meta":[],"product_brand":[],"product_cat":[119],"product_tag":[],"class_list":{"0":"post-9158","1":"product","2":"type-product","3":"status-publish","4":"has-post-thumbnail","6":"product_cat-eigene-kaffeesorte-fuer-meine-firma-meine-region-mein-event","8":"first","9":"instock","10":"taxable","11":"shipping-taxable","12":"purchasable","13":"product-type-variable","14":"has-default-attributes"},"_links":{"self":[{"href":"https:\/\/kaffee-bongusta.de\/shop\/wp-json\/wp\/v2\/product\/9158","targetHints":{"allow":["GET"]}}],"collection":[{"href":"https:\/\/kaffee-bongusta.de\/shop\/wp-json\/wp\/v2\/product"}],"about":[{"href":"https:\/\/kaffee-bongusta.de\/shop\/wp-json\/wp\/v2\/types\/product"}],"wp:featuredmedia":[{"embeddable":true,"href":"https:\/\/kaffee-bongusta.de\/shop\/wp-json\/wp\/v2\/media\/9161"}],"wp:attachment":[{"href":"https:\/\/kaffee-bongusta.de\/shop\/wp-json\/wp\/v2\/media?parent=9158"}],"wp:term":[{"taxonomy":"product_brand","embeddable":true,"href":"https:\/\/kaffee-bongusta.de\/shop\/wp-json\/wp\/v2\/product_brand?post=9158"},{"taxonomy":"product_cat","embeddable":true,"href":"https:\/\/kaffee-bongusta.de\/shop\/wp-json\/wp\/v2\/product_cat?post=9158"},{"taxonomy":"product_tag","embeddable":true,"href":"https:\/\/kaffee-bongusta.de\/shop\/wp-json\/wp\/v2\/product_tag?post=9158"}],"curies":[{"name":"wp","href":"https:\/\/api.w.org\/{rel}","templated":true}]}}